 and 154.
14
Let k = 743 - 622. What is the greatest common factor of k and 33?
11
Let m = -257 + 266. Let d = 1 - -5. Suppose 3*y = d*y - m. Calculate the highest common factor of y and 24.
3
Let g be (-4)/(-18) - 885/(-27). Let v be (-6)/g - 90/(-11). Suppose 5*r - r - v = 0. What is the greatest common factor of 2 and r?
2
Suppose -96 - 30 = -7*i. What is the greatest common factor of 63 and i?
9
Suppose -25*o + 29*o - 32 = 0. Let t be (o/10)/((-8)/(-660)). Calculate the greatest common factor of 6 and t.
6
Let c be (-3)/(120/16)*-295 - -2. Calculate the greatest common divisor of c and 160.
40
Suppose -y - 1 + 14 = 3*f, 0 = 5*f - 20. Let o be 11 - (2 - y)*-3. Let k = o + -9. What is the greatest common divisor of k and 10?
5
Let o(s) be the second derivative of -17*s**3/6 - 3*s**2/2 - 40*s. Let r be o(-1). Calculate the highest common divisor of 238 and r.
14
Let l(n) = n**3 + 23*n**2 + 41*n + 9. Let x be l(-21). Calculate the greatest common divisor of x and 645.
15
Suppose -2*g + 208 + 1984 = 0. What is the highest common factor of g and 8?
8
Let q be 9/(-18)*18/3*-1. Calculate the highest common factor of q and 27.
3
Suppose 3*u - 24 - 30 = 0. Let b be (27 - 25)/((-2)/(-9)). Calculate the highest common factor of b and u.
9
Let k(g) = -g + 17. Let z be k(0). Suppose -z*i - 189 = -20*i. Calculate the highest common divisor of i and 42.
21
Let h = 0 - -55. Let c be h + (0 - -1)/1. Let q = 3 + 4. What is the highest common divisor of c and q?
7
Let m(c) = 81*c. Let o be m(1). Let i(f) = -2*f + 63. Let n be i(29). Let g be n - 12/(-5 - -2). What is the highest common factor of g and o?
9
Let g be 213/12 + -7 - (-3)/(-4). What is the greatest common factor of 18 and g?
2
Let b be (-752)/14 - 14/49. Let a = -38 - b. Calculate the greatest common divisor of a and 128.
16
Let x = -15 - -19. Suppose d + 264 = x*d. Suppose -3*j = -b - 22, 2*b + 4 = j - 0*b. What is the highest common divisor of d and j?
8
Let g(d) = 13*d + 6. Let f(q) = -12*q - 7. Let k(s) = -6*f(s) - 5*g(s). Let m be k(2). What is the greatest common divisor of 26 and m?
26
Suppose 10 = v - 6. Let t be (9/2)/(2/164). Suppose 5*m = t + 431. What is the highest common factor of m and v?
16
Suppose 5*c + 5*s - 60 = 0, -5*c + 27 = -3*c + 3*s. Suppose -71*d + 68*d + 89 = 2*f, -d + 23 = -f. What is the highest common divisor of d and c?
9
Let x be (-9 - -4)*(6 + -9). What is the highest common divisor of x and 5?
5
Suppose -24 + 124 = 5*v. Suppose -9*j - j = -v. Calculate the highest common divisor of j and 6.
2
Suppose 6*t + 122 = 218. What is the highest common factor of 592 and t?
16
Let f = 110 + -115. Suppose 0*j = j - 4. Let o be j/f + (-361)/(-95). What is the greatest common divisor of o and 1?
1
Let z(b) be the first derivative of 3*b**2 + 12*b - 15. Let s be z(3). Calculate the highest common divisor of 12 and s.
6
Let j be -2 + 3/15 + (-23334)/(-30). Calculate the highest common factor of 97 and j.
97
Let o = 94 + 14. Let b be 24/o + (-50)/(-18). Calculate the highest common factor of 21 and b.
3
Suppose -10*x + 9*x - 4*w = 9, -x = -5*w - 27. Suppose 4*a + 342 = 2*l, -2*a + 473 = 2*l + l. What is the greatest common factor of x and l?
7
Let c(w) = w**2 - 15*w - 46. Let r be c(20). Calculate the highest common divisor of 162 and r.
54
Let o = 7 + -4. Suppose 5*z + 5*n = 3 + 2, 7 = 3*z - n. Suppose z*k - 112 = -5*h, 2*h = -0*h + k + 52. Calculate the greatest common divisor of o and h.
3
Suppose 1653 = 4*p + 15*p. Calculate the greatest common factor of p and 435.
87
Let s = -143 + 200. Suppose 9*z - 96 = s. Calculate the greatest common divisor of z and 51.
17
Let z = -11 + 11. Suppose 0 = -z*l + 6*l - 180. What is the greatest common divisor of l and 75?
15
Let f = 3 + 5. Suppose -7 - f = -5*d. Suppose -d*t + 49 = 16. What is the highest common factor of 99 and t?
11
Suppose 7*m - 3*y - 460 = 3*m, -4*m = -2*y - 456. Calculate the greatest common divisor of m and 14.
14
Let a(w) = 21*w - 32. Let b be a(5). Let c be 3 + (b - (-4 + 3)). What is the highest common divisor of 7 and c?
7
Let r(o) = 29 - o + 4 - 16. Let k be r(7). Let l(g) = -20*g + 10. Let v be l(-5). What is the highest common divisor of k and v?
10
Let j be 306/3*(-2)/(-4). Suppose -3*k + 82 = -4*p, 0 = -5*p + 4*p + 5. What is the greatest common divisor of k and j?
17
Suppose 0 = -4*r - 0*r + 176. Let a be r/6 - (-6)/9. Let w(c) = -65*c**3 + c**2 + c - 1. Let x be w(-1). Calculate the highest common factor of x and a.
8
Let k(f) = f + 1. Let u = -46 + 55. Let m be k(u). Calculate the highest common factor of 70 and m.
10
Suppose 16*j + 4*k = 12*j + 60, -68 = -4*j + 4*k. What is the greatest common divisor of j and 432?
16
Suppose -6*s + 11*s - 190 = 0. Suppose -s*k = -41*k + 126. What is the highest common factor of 14 and k?
14
Let c be (2 - (15 - 10))*(0 + -37). Calculate the highest common divisor of c and 148.
37
Let a(c) = c**3 - 7*c**2 - 4*c + 29. Let x be a(7). What is the greatest common factor of 22 and x?
1
Suppose -10*f = 73*f - 4482. Let m = 55 - 19. Calculate the greatest common factor of m and f.
18
Let w be ((-6)/30 - 1)/(2/(-25)). Suppose -3*d + 183 = -z + 2*z, 0 = -5*d - w. Calculate the greatest common divisor of z and 12.
12
Suppose 13*q - 14*q - 2 = 0. Let l be q*(-4)/(-6)*-30. Suppose -h + 3*h + s - l = 0, 3*h + 3*s - 66 = 0. Calculate the greatest common factor of 9 and h.
9
Let l = 206 + -206. Let q(c) be the second derivative of c**4/12 + c**3/6 + 17*c**2/2 - c. Let f be q(l). What is the greatest common divisor of f and 68?
17
Let d = 35 - -1. Let v(l) = -3*l - 12. Let b = -6 + -2. Let z be v(b). Calculate the greatest common factor of d and z.
12
Let r(o) = -16*o - 6. Let d(l) = -17*l - 6. Let m(n) = -5*d(n) + 6*r(n). Let a be m(-2). Calculate the highest common divisor of 64 and a.
16
Let q(w) = -54*w**3 + 3*w**2 - 5*w - 7. Let i be q(-1). Calculate the highest common factor of i and 165.
55
Let r = 1261 - 876. Let g = -119 - -199. Suppose -4*u = 3*h - 152, -h - g = -2*u - 14. What is the highest common factor of r and u?
35
Let p = -34 + 149. Suppose 0 = 3*j - 2*j - 23. Calculate the greatest common divisor of j and p.
23
Let z be (48/20)/(7/210). What is the greatest common divisor of 180 and z?
36
Let f be 0/(-3) + 3 - (-16690)/10. What is the greatest common divisor of f and 304?
152
Suppose 0 = 3*g + 15 - 45. What is the highest common divisor of 70 and g?
10
Suppose 4*s + 5*c = 136, 5*s + 2*c - 170 = -0*c. Suppose 0 = 4*o - 130 + s. Suppose 0 = -0*u + 5*u - 120. What is the greatest common divisor of u and o?
24
Let p(k) = -8*k. Suppose -3 = 3*a - 4*a. Suppose -4 = a*x + 2. Let w be p(x). Calculate the greatest common factor of 2 and w.
2
Let k be (-4 + 50/35)/((-1)/35). What is the highest common factor of 180 and k?
90
Let h(v) = -1. Let s(t) = 73*t - 7. Let n(w) = -3*h(w) + s(w). Let y be n(-2). Let r be y/(-54) + 2/9. What is the greatest common divisor of 6 and r?
3
Suppose 2*h - 61 = -q, 2*h - 2*q - 76 = 2*q. Let u(s) = 52*s - 1432. Let c be u(28). What is the greatest common divisor of h and c?
8
Suppose -5*p + 0*p + 540 = 0. Let b = 37 + -25. Calculate the highest common divisor of b and p.
12
Let u = 13 + -14. Let n be (3 - u)/(-4 + 5). Suppose -3*d - 2*c + 4*c = -156, 225 = n*d + 3*c. What is the greatest common divisor of d and 6?
6
Let k = -33 - -39. Let j be k*((-112)/12)/(-7). What is the highest common factor of j and 72?
8
Let y = -121 - -185. Suppose -4*s + 9 = -i + 2*i, -s - 4*i - 9 = 0. Suppose -s*k - k = -y. What is the greatest common factor of k and 80?
16
Let g = -18 + 34. Let p = -209 + 217. What is the greatest common factor of g and p?
8
Let m be (-2)/(-7) + 297/63. Suppose -5*a = m*i - 60, -i - 24 = -3*i - a. Let h be (-1)/(-2) - (-534)/i. Calculate the highest common divisor of h and 9.
9
Let u = 8 + -5. Let r(z) = -3*z**3 - 8 + 4*z**u + 0*z + 6*z + 3*z**2 - 9*z**2. Let f be r(6). Calculate the highest common factor of f and 42.
14
Let x = -11 - -13. Let j(z) = 1 - z**x - 3 + 2*z**2. Let d be j(-2). What is the highest common factor of d and 1?
1
Let l = 328 + -283. What is the greatest common factor of 180 and l?
45
Let v(i) = 6*i - 28. Let q be v(5). Let t be 0/(((-4)/2)/2). Suppose t = 5*w - 3*w - 12. What is the highest common factor of q an